{"id":124,"date":"2021-09-23T13:38:21","date_gmt":"2021-09-23T13:38:21","guid":{"rendered":"https:\/\/mitjederzeile.live-website.com\/?page_id=124"},"modified":"2026-01-31T09:59:56","modified_gmt":"2026-01-31T09:59:56","slug":"impressum","status":"publish","type":"page","link":"https:\/\/ilja-schirkowskij.de\/?page_id=124","title":{"rendered":"Impressum"},"content":{"rendered":"\n<p>Ilja Schirkowskij<br>Marswidisstr. 7<br>33611 Bielefeld<br>E-Mail: mail(\u00e4t)ilja-schirkowskij.de<\/p>\n\n\n\n<p>USt-ID: DE357877266<br><br>Inhaltlich Verantwortlicher gem\u00e4\u00df \u00a7 55 Abs. 2 RStV:<br>Ilja Schirkowskij<\/p>\n\n\n\n<p>Homepage: www.ilja-schirkowskij.de \u00a9 2026 Ilja Schirkowskij<br>Profilbilder: ich.tv | Ilja Schirkowskij<br>Bildmaterial Testimonials:<br>Aktion Deutschland Hilft\/Malek Sayadi | HelpAge Deutschland\/Kai Ostermann | ich.TV<\/p>\n\n\n\n<div style=\"height:100px\" aria-hidden=\"true\" class=\"wp-block-spacer\"><\/div>\n\n\n\n<h2 class=\"wp-block-heading\">Rechtliche Hinweise<\/h2>\n\n\n\n<p><em>Haftungsbeschr\u00e4nkungen<\/em><br>Die Inhalte dieser Website werden mit gr\u00f6\u00dftm\u00f6glicher Sorgfalt erstellt. Der Betreiber von www.ilja-schirkowskij.de \u00fcbernimmt jedoch keine Gew\u00e4hr f\u00fcr die Aktualit\u00e4t, Richtigkeit und Vollst\u00e4ndigkeit der bereitgestellten Inhalte. Die Nutzung der Website-Inhalte erfolgt auf eigene Gefahr des Nutzers.<\/p>\n\n\n\n<p><em>Externe Links<\/em><br>Diese Website enth\u00e4lt Verkn\u00fcpfungen zu Websites Dritter (\u201eexterne Links\u201c). Diese Websites unterliegen der Haftung der jeweiligen Betreiber. Der Betreiber konnte bei der erstmaligen Verkn\u00fcpfung der externen Links keine Rechtsverst\u00f6\u00dfe feststellen und hat keinerlei Einfluss auf die Inhalte sowie die aktuelle und zuk\u00fcnftige Gestaltung der verkn\u00fcpften Seiten. Eine st\u00e4ndige Kontrolle der externen Links ist f\u00fcr den Betreiber ohne konkrete Hinweise auf Rechtsverst\u00f6\u00dfe nicht zumutbar. Bei Kenntnis von Rechtsverst\u00f6\u00dfen werden derartige externe Links jedoch unverz\u00fcglich gel\u00f6scht.<\/p>\n\n\n\n<p><em>Urheber- und Leistungsschutzrechte<\/em><br>Die auf dieser Website ver\u00f6ffentlichten Inhalte unterliegen dem deutschen Urheber- und Leistungsschutzrecht. Die Verwendung, Vervielf\u00e4ltigung, Weitergabe und Einbindung von Informationen oder Daten, insbesondere von Texten, Textteilen, Bild-, Audio- und Videomaterial sowie Animationen, bedarf der vorherigen Zustimmung des Betreibers. Inhalte und Rechte Dritter sind als solche gekennzeichnet.<\/p>\n\n\n\n<p><em>Datennutzung<\/em><br>Der Nutzung der im Impressum und auf der gesamten Website ver\u00f6ffentlichten Kontaktdaten zur \u00dcbersendung von nicht ausdr\u00fccklich angeforderter Werbung und Informationsmaterialien sowie zu jeglicher kommerziellen Verwendung und Weitergabe der Daten wird hiermit ausdr\u00fccklich widersprochen.<\/p>\n","protected":false},"excerpt":{"rendered":"<p>Ilja SchirkowskijMarswidisstr. 733611 BielefeldE-Mail: mail(\u00e4t)ilja-schirkowskij.de USt-ID: DE357877266 Inhaltlich Verantwortlicher gem\u00e4\u00df \u00a7 55 Abs. 2 RStV:Ilja Schirkowskij Homepage: www.ilja-schirkowskij.de \u00a9 2026 Ilja SchirkowskijProfilbilder: ich.tv | Ilja SchirkowskijBildmaterial Testimonials:Aktion Deutschland Hilft\/Malek Sayadi | HelpAge Deutschland\/Kai Ostermann | ich.TV Rechtliche Hinweise Haftungsbeschr\u00e4nkungenDie Inhalte dieser Website werden mit gr\u00f6\u00dftm\u00f6glicher Sorgfalt erstellt. Der Betreiber von www.ilja-schirkowskij.de \u00fcbernimmt jedoch keine Gew\u00e4hr [&hellip;]<\/p>\n","protected":false},"author":2,"featured_media":0,"parent":0,"menu_order":0,"comment_status":"closed","ping_status":"closed","template":"","meta":{"_coblocks_attr":"","_coblocks_dimensions":"","_coblocks_responsive_height":"","_coblocks_accordion_ie_support":"","footnotes":""},"class_list":["post-124","page","type-page","status-publish","hentry"],"yoast_head":"<!-- This site is optimized with the Yoast SEO plugin v27.4 - https:\/\/yoast.com\/product\/yoast-seo-wordpress\/ -->\n<title>Impressum &#8211; Ilja Schirkowskij<\/title>\n<meta name=\"description\" content=\"Hier finden Ihr das Impressum meiner Homepage: www.ilja-schirkowskij.de. Dar\u00fcber hinaus rechtliche Hinweise und Bildquellen.\" \/>\n<meta name=\"robots\" content=\"index, follow, max-snippet:-1, max-image-preview:large, max-video-preview:-1\" \/>\n<link rel=\"canonical\" href=\"https:\/\/ilja-schirkowskij.de\/?page_id=124\" \/>\n<meta property=\"og:locale\" content=\"de_DE\" \/>\n<meta property=\"og:type\" content=\"article\" \/>\n<meta property=\"og:title\" content=\"Impressum &#8211; Ilja Schirkowskij\" \/>\n<meta property=\"og:description\" content=\"Hier finden Ihr das Impressum meiner Homepage: www.ilja-schirkowskij.de. Dar\u00fcber hinaus rechtliche Hinweise und Bildquellen.\" \/>\n<meta property=\"og:url\" content=\"https:\/\/ilja-schirkowskij.de\/?page_id=124\" \/>\n<meta property=\"og:site_name\" content=\"Ilja Schirkowskij\" \/>\n<meta property=\"article:modified_time\" content=\"2026-01-31T09:59:56+00:00\" \/>\n<meta property=\"og:image\" content=\"https:\/\/ilja-schirkowskij.de\/wp-content\/uploads\/2025\/02\/Profilbild-Rund.png\" \/>\n\t<meta property=\"og:image:width\" content=\"1270\" \/>\n\t<meta property=\"og:image:height\" content=\"1268\" \/>\n\t<meta property=\"og:image:type\" content=\"image\/png\" \/>\n<meta name=\"twitter:card\" content=\"summary_large_image\" \/>\n<meta name=\"twitter:label1\" content=\"Gesch\u00e4tzte Lesezeit\" \/>\n\t<meta name=\"twitter:data1\" content=\"2\u00a0Minuten\" \/>\n<script type=\"application\/ld+json\" class=\"yoast-schema-graph\">{\"@context\":\"https:\\\/\\\/schema.org\",\"@graph\":[{\"@type\":\"WebPage\",\"@id\":\"https:\\\/\\\/ilja-schirkowskij.de\\\/?page_id=124\",\"url\":\"https:\\\/\\\/ilja-schirkowskij.de\\\/?page_id=124\",\"name\":\"Impressum &#8211; Ilja Schirkowskij\",\"isPartOf\":{\"@id\":\"https:\\\/\\\/ilja-schirkowskij.de\\\/#website\"},\"datePublished\":\"2021-09-23T13:38:21+00:00\",\"dateModified\":\"2026-01-31T09:59:56+00:00\",\"description\":\"Hier finden Ihr das Impressum meiner Homepage: www.ilja-schirkowskij.de. Dar\u00fcber hinaus rechtliche Hinweise und Bildquellen.\",\"breadcrumb\":{\"@id\":\"https:\\\/\\\/ilja-schirkowskij.de\\\/?page_id=124#breadcrumb\"},\"inLanguage\":\"de\",\"potentialAction\":[{\"@type\":\"ReadAction\",\"target\":[\"https:\\\/\\\/ilja-schirkowskij.de\\\/?page_id=124\"]}]},{\"@type\":\"BreadcrumbList\",\"@id\":\"https:\\\/\\\/ilja-schirkowskij.de\\\/?page_id=124#breadcrumb\",\"itemListElement\":[{\"@type\":\"ListItem\",\"position\":1,\"name\":\"Startseite\",\"item\":\"https:\\\/\\\/ilja-schirkowskij.de\\\/\"},{\"@type\":\"ListItem\",\"position\":2,\"name\":\"Impressum\"}]},{\"@type\":\"WebSite\",\"@id\":\"https:\\\/\\\/ilja-schirkowskij.de\\\/#website\",\"url\":\"https:\\\/\\\/ilja-schirkowskij.de\\\/\",\"name\":\"Ilja Schirkowskij\",\"description\":\"Autor &amp; Multimedia Redakteur\",\"publisher\":{\"@id\":\"https:\\\/\\\/ilja-schirkowskij.de\\\/#\\\/schema\\\/person\\\/1230f3bcd3e977fbe9084010f479f9e1\"},\"potentialAction\":[{\"@type\":\"SearchAction\",\"target\":{\"@type\":\"EntryPoint\",\"urlTemplate\":\"https:\\\/\\\/ilja-schirkowskij.de\\\/?s={search_term_string}\"},\"query-input\":{\"@type\":\"PropertyValueSpecification\",\"valueRequired\":true,\"valueName\":\"search_term_string\"}}],\"inLanguage\":\"de\"},{\"@type\":[\"Person\",\"Organization\"],\"@id\":\"https:\\\/\\\/ilja-schirkowskij.de\\\/#\\\/schema\\\/person\\\/1230f3bcd3e977fbe9084010f479f9e1\",\"name\":\"Ilja Schirkowskij\",\"image\":{\"@type\":\"ImageObject\",\"inLanguage\":\"de\",\"@id\":\"https:\\\/\\\/ilja-schirkowskij.de\\\/wp-content\\\/uploads\\\/2025\\\/02\\\/Profilbild-Rund.png\",\"url\":\"https:\\\/\\\/ilja-schirkowskij.de\\\/wp-content\\\/uploads\\\/2025\\\/02\\\/Profilbild-Rund.png\",\"contentUrl\":\"https:\\\/\\\/ilja-schirkowskij.de\\\/wp-content\\\/uploads\\\/2025\\\/02\\\/Profilbild-Rund.png\",\"width\":1270,\"height\":1268,\"caption\":\"Ilja Schirkowskij\"},\"logo\":{\"@id\":\"https:\\\/\\\/ilja-schirkowskij.de\\\/wp-content\\\/uploads\\\/2025\\\/02\\\/Profilbild-Rund.png\"}}]}<\/script>\n<!-- \/ Yoast SEO plugin. -->","yoast_head_json":{"title":"Impressum &#8211; Ilja Schirkowskij","description":"Hier finden Ihr das Impressum meiner Homepage: www.ilja-schirkowskij.de. Dar\u00fcber hinaus rechtliche Hinweise und Bildquellen.","robots":{"index":"index","follow":"follow","max-snippet":"max-snippet:-1","max-image-preview":"max-image-preview:large","max-video-preview":"max-video-preview:-1"},"canonical":"https:\/\/ilja-schirkowskij.de\/?page_id=124","og_locale":"de_DE","og_type":"article","og_title":"Impressum &#8211; Ilja Schirkowskij","og_description":"Hier finden Ihr das Impressum meiner Homepage: www.ilja-schirkowskij.de. Dar\u00fcber hinaus rechtliche Hinweise und Bildquellen.","og_url":"https:\/\/ilja-schirkowskij.de\/?page_id=124","og_site_name":"Ilja Schirkowskij","article_modified_time":"2026-01-31T09:59:56+00:00","og_image":[{"width":1270,"height":1268,"url":"https:\/\/ilja-schirkowskij.de\/wp-content\/uploads\/2025\/02\/Profilbild-Rund.png","type":"image\/png"}],"twitter_card":"summary_large_image","twitter_misc":{"Gesch\u00e4tzte Lesezeit":"2\u00a0Minuten"},"schema":{"@context":"https:\/\/schema.org","@graph":[{"@type":"WebPage","@id":"https:\/\/ilja-schirkowskij.de\/?page_id=124","url":"https:\/\/ilja-schirkowskij.de\/?page_id=124","name":"Impressum &#8211; Ilja Schirkowskij","isPartOf":{"@id":"https:\/\/ilja-schirkowskij.de\/#website"},"datePublished":"2021-09-23T13:38:21+00:00","dateModified":"2026-01-31T09:59:56+00:00","description":"Hier finden Ihr das Impressum meiner Homepage: www.ilja-schirkowskij.de. Dar\u00fcber hinaus rechtliche Hinweise und Bildquellen.","breadcrumb":{"@id":"https:\/\/ilja-schirkowskij.de\/?page_id=124#breadcrumb"},"inLanguage":"de","potentialAction":[{"@type":"ReadAction","target":["https:\/\/ilja-schirkowskij.de\/?page_id=124"]}]},{"@type":"BreadcrumbList","@id":"https:\/\/ilja-schirkowskij.de\/?page_id=124#breadcrumb","itemListElement":[{"@type":"ListItem","position":1,"name":"Startseite","item":"https:\/\/ilja-schirkowskij.de\/"},{"@type":"ListItem","position":2,"name":"Impressum"}]},{"@type":"WebSite","@id":"https:\/\/ilja-schirkowskij.de\/#website","url":"https:\/\/ilja-schirkowskij.de\/","name":"Ilja Schirkowskij","description":"Autor &amp; Multimedia Redakteur","publisher":{"@id":"https:\/\/ilja-schirkowskij.de\/#\/schema\/person\/1230f3bcd3e977fbe9084010f479f9e1"},"potentialAction":[{"@type":"SearchAction","target":{"@type":"EntryPoint","urlTemplate":"https:\/\/ilja-schirkowskij.de\/?s={search_term_string}"},"query-input":{"@type":"PropertyValueSpecification","valueRequired":true,"valueName":"search_term_string"}}],"inLanguage":"de"},{"@type":["Person","Organization"],"@id":"https:\/\/ilja-schirkowskij.de\/#\/schema\/person\/1230f3bcd3e977fbe9084010f479f9e1","name":"Ilja Schirkowskij","image":{"@type":"ImageObject","inLanguage":"de","@id":"https:\/\/ilja-schirkowskij.de\/wp-content\/uploads\/2025\/02\/Profilbild-Rund.png","url":"https:\/\/ilja-schirkowskij.de\/wp-content\/uploads\/2025\/02\/Profilbild-Rund.png","contentUrl":"https:\/\/ilja-schirkowskij.de\/wp-content\/uploads\/2025\/02\/Profilbild-Rund.png","width":1270,"height":1268,"caption":"Ilja Schirkowskij"},"logo":{"@id":"https:\/\/ilja-schirkowskij.de\/wp-content\/uploads\/2025\/02\/Profilbild-Rund.png"}}]}},"_links":{"self":[{"href":"https:\/\/ilja-schirkowskij.de\/index.php?rest_route=\/wp\/v2\/pages\/124","targetHints":{"allow":["GET"]}}],"collection":[{"href":"https:\/\/ilja-schirkowskij.de\/index.php?rest_route=\/wp\/v2\/pages"}],"about":[{"href":"https:\/\/ilja-schirkowskij.de\/index.php?rest_route=\/wp\/v2\/types\/page"}],"author":[{"embeddable":true,"href":"https:\/\/ilja-schirkowskij.de\/index.php?rest_route=\/wp\/v2\/users\/2"}],"replies":[{"embeddable":true,"href":"https:\/\/ilja-schirkowskij.de\/index.php?rest_route=%2Fwp%2Fv2%2Fcomments&post=124"}],"version-history":[{"count":2,"href":"https:\/\/ilja-schirkowskij.de\/index.php?rest_route=\/wp\/v2\/pages\/124\/revisions"}],"predecessor-version":[{"id":4249,"href":"https:\/\/ilja-schirkowskij.de\/index.php?rest_route=\/wp\/v2\/pages\/124\/revisions\/4249"}],"wp:attachment":[{"href":"https:\/\/ilja-schirkowskij.de\/index.php?rest_route=%2Fwp%2Fv2%2Fmedia&parent=124"}],"curies":[{"name":"wp","href":"https:\/\/api.w.org\/{rel}","templated":true}]}}